{"id":366,"date":"2019-07-01T11:49:47","date_gmt":"2019-07-01T09:49:47","guid":{"rendered":"http:\/\/www.curatore.es\/focusopenscience\/?page_id=366"},"modified":"2019-07-14T16:12:58","modified_gmt":"2019-07-14T14:12:58","slug":"home","status":"publish","type":"page","link":"http:\/\/www.curatore.es\/focusopenscience\/","title":{"rendered":"home"},"content":{"rendered":"<p>[et_pb_section fb_built=\u00bb1&#8243; _builder_version=\u00bb3.25.2&#8243; background_image=\u00bbhttp:\/\/www.curatore.es\/focusopenscience\/wp-content\/uploads\/2019\/07\/Universidad_Carlos_III_Campus_Puerta_de_Toledo.jpeg\u00bb parallax=\u00bbon\u00bb custom_css_main_element=\u00bbmin-height:50vh;\u00bb custom_padding=\u00bb11px||0px|||\u00bb][et_pb_row column_structure=\u00bb3_5,2_5&#8243; gutter_width=\u00bb1&#8243; _builder_version=\u00bb3.25.2&#8243; custom_padding=\u00bb||8px|||\u00bb use_custom_gutter=\u00bbon\u00bb][et_pb_column type=\u00bb3_5&#8243; _builder_version=\u00bb3.25.2&#8243; background_color=\u00bbrgba(255,255,255,0.8)\u00bb custom_css_main_element=\u00bb||padding:2vh;\u00bb][et_pb_code _builder_version=\u00bb3.25.2&#8243;]<head><!-- [et_pb_line_break_holder] --><link rel=\"stylesheet\" href=\"https:\/\/cdnjs.cloudflare.com\/ajax\/libs\/font-awesome\/4.7.0\/css\/font-awesome.min.css\"><!-- [et_pb_line_break_holder] --><\/head>[\/et_pb_code][et_pb_text _builder_version=\u00bb3.25.2&#8243; text_font=\u00bbEncode Sans Expanded|700|||||||\u00bb text_text_align=\u00bbcenter\u00bb text_text_color=\u00bb#001489&#8243; text_font_size=\u00bb26px\u00bb text_letter_spacing=\u00bb-2px\u00bb text_line_height=\u00bb1.5em\u00bb]<\/p>\n<p>Workshop Focus On Open Science<\/p>\n<p>[\/et_pb_text][et_pb_text _builder_version=\u00bb3.25.2&#8243; text_font=\u00bbEncode Sans|300|||||||\u00bb text_text_align=\u00bbcenter\u00bb text_text_color=\u00bb#001489&#8243; text_font_size=\u00bb21px\u00bb text_line_height=\u00bb1.5em\u00bb custom_css_main_element=\u00bbborder-top:5px solid orange;||padding-top:1vh;\u00bb custom_margin=\u00bb||5px|||\u00bb]<\/p>\n<p>Chapter XVII: Madrid &#8211; UC3M<\/p>\n<p>[\/et_pb_text][et_pb_text _builder_version=\u00bb3.25.2&#8243; text_font=\u00bbEncode Sans|300|||||||\u00bb text_text_color=\u00bb#ffffff\u00bb text_font_size=\u00bb30px\u00bb text_letter_spacing=\u00bb3px\u00bb text_line_height=\u00bb1.5em\u00bb custom_css_main_element=\u00bbborder-bottom: 1px solid #001489;||padding: 0.5% 2%;||background-color:#001489||  \u00bb custom_margin=\u00bb35px|||||\u00bb]<i class=\"fa fa-pencil\" aria-hidden=\"true\"><\/i> \u00daltimas Publicaciones[\/et_pb_text][et_pb_blog posts_number=\u00bb5&#8243; _builder_version=\u00bb3.25.2&#8243; header_font=\u00bb||||||||\u00bb header_text_color=\u00bb#001489&#8243; body_font=\u00bb||||||||\u00bb meta_font=\u00bb||||||||\u00bb meta_text_color=\u00bb#bc7700&#8243; read_more_font=\u00bb||||||||\u00bb pagination_font=\u00bb||||||||\u00bb custom_margin=\u00bb30px|||||\u00bb custom_css_main_element=\u00bbpadding:0.5% 1%;||\u00bb][\/et_pb_blog][\/et_pb_column][et_pb_column type=\u00bb2_5&#8243; _builder_version=\u00bb3.25.2&#8243; background_color=\u00bb#292929&#8243; custom_css_main_element=\u00bb||padding:2vh;\u00bb][et_pb_text _builder_version=\u00bb3.25.2&#8243; text_font=\u00bbEncode Sans|300|||||||\u00bb text_text_align=\u00bbjustify\u00bb text_text_color=\u00bb#ffffff\u00bb text_line_height=\u00bb1.6em\u00bb background_color=\u00bb#292929&#8243; min_height=\u00bb128px\u00bb]<\/p>\n<p><span style=\"font-size: medium;\">En este sitio pod\u00e9is publicar vuestras preguntas, res\u00famenes y comentarios sobre el Seminario Focus on Open Science XVII &#8211; UC3M. Tambi\u00e9n podr\u00e9is encontrar alguna informaci\u00f3n b\u00e1sica sobre Open Science.\u00a0Env\u00eda tus preguntas a <a href=\"https:\/\/app.sli.do\/event\/umcjyzql\">Sli.do<\/a> (F0708)\u00a0\u00a0<\/span><\/p>\n<p>[\/et_pb_text][et_pb_login title=\u00bb\u00c1rea Personal\u00bb _builder_version=\u00bb3.25.2&#8243; text_orientation=\u00bbcenter\u00bb min_height=\u00bb305px\u00bb custom_margin=\u00bb||15px\u00bb][\/et_pb_login][et_pb_text _builder_version=\u00bb3.25.2&#8243; text_font=\u00bbEncode Sans||||||||\u00bb text_text_color=\u00bb#ffffff\u00bb text_font_size=\u00bb22px\u00bb text_line_height=\u00bb1.5em\u00bb background_color=\u00bb#1da1f2&#8243; custom_css_main_element=\u00bbborder: 1px solid #ffffff;||padding: 2px 10px;\u00bb min_height=\u00bb18px\u00bb]<i class=\"fa fa-twitter\" aria-hidden=\"true\"><\/i> #OS19MAD[\/et_pb_text][et_pb_code _builder_version=\u00bb3.25.2&#8243; background_color=\u00bbrgba(255,255,255,0.94)\u00bb]\n<!-- Custom Twitter Feeds by Smash Balloon -->\n<div id=\"ctf\" class=\" ctf ctf-type-hashtag ctf-rebranded ctf-feed-381799266  ctf-styles ctf-list ctf-regular-style ctf-no-duplicates\"   data-ctfshortcode=\"{&quot;hashtag&quot;:&quot;#OS19MAD&quot;,&quot;num&quot;:&quot;4&quot;,&quot;showheader&quot;:&quot;false&quot;}\"   data-ctfdisablelinks=\"false\" data-ctflinktextcolor=\"#\" data-header-size=\"small\" data-feedid=\"381799266\" data-postid=\"366\"  data-ctfintents=\"1\"  data-ctfneeded=\"4\">\n            <div id=\"ctf\" class=\"ctf\">\n            <div class=\"ctf-error\">\n                <div class=\"ctf-error-user\">\n\t\t\t\t\tTwitter feed is not available at the moment.                <\/div>\n            <\/div>\n        <\/div>\n\t\t    <div class=\"ctf-tweets\">\n   \t\t    <\/div>\n    \n<\/div>\n[\/et_pb_code][\/et_pb_column][\/et_pb_row][\/et_pb_section][et_pb_section fb_built=\u00bb1&#8243; _builder_version=\u00bb3.25.2&#8243; background_color=\u00bb#292929&#8243; custom_padding=\u00bb6px||0px|||\u00bb custom_margin=\u00bb||-42px|||\u00bb][\/et_pb_section]<\/p>\n<div class=\"likebtn_container\" style=\"\"><!-- LikeBtn.com BEGIN --><span class=\"likebtn-wrapper\"  data-identifier=\"page_366\"  data-bg_c_v=\"\"  data-style=\"\"  data-unlike_allowed=\"\"  data-show_copyright=\"\"  data-item_url=\"http:\/\/www.curatore.es\/focusopenscience\/\"  data-item_title=\"home\"  data-item_date=\"2019-07-01T11:49:47+02:00\"  data-engine=\"WordPress\"  data-plugin_v=\"2.6.59\"  data-event_handler=\"likebtn_eh\" ><\/span><!-- LikeBtn.com END --><\/div>","protected":false},"excerpt":{"rendered":"<p>[et_pb_section fb_built=\u00bb1&#8243; _builder_version=\u00bb3.25.2&#8243; background_image=\u00bbhttp:\/\/www.curatore.es\/focusopenscience\/wp-content\/uploads\/2019\/07\/Universidad_Carlos_III_Campus_Puerta_de_Toledo.jpeg\u00bb parallax=\u00bbon\u00bb custom_css_main_element=\u00bbmin-height:50vh;\u00bb custom_padding=\u00bb11px||0px|||\u00bb][et_pb_row column_structure=\u00bb3_5,2_5&#8243; gutter_width=\u00bb1&#8243; _builder_version=\u00bb3.25.2&#8243; custom_padding=\u00bb||8px|||\u00bb use_custom_gutter=\u00bbon\u00bb][et_pb_column type=\u00bb3_5&#8243; _builder_version=\u00bb3.25.2&#8243; background_color=\u00bbrgba(255,255,255,0.8)\u00bb custom_css_main_element=\u00bb||padding:2vh;\u00bb][et_pb_code _builder_version=\u00bb3.25.2&#8243;][\/et_pb_code][et_pb_text _builder_version=\u00bb3.25.2&#8243; text_font=\u00bbEncode Sans Expanded|700|||||||\u00bb text_text_align=\u00bbcenter\u00bb text_text_color=\u00bb#001489&#8243; text_font_size=\u00bb26px\u00bb text_letter_spacing=\u00bb-2px\u00bb text_line_height=\u00bb1.5em\u00bb] Workshop Focus On Open Science [\/et_pb_text][et_pb_text _builder_version=\u00bb3.25.2&#8243; text_font=\u00bbEncode Sans|300|||||||\u00bb text_text_align=\u00bbcenter\u00bb text_text_color=\u00bb#001489&#8243; text_font_size=\u00bb21px\u00bb text_line_height=\u00bb1.5em\u00bb custom_css_main_element=\u00bbborder-top:5px solid orange;||padding-top:1vh;\u00bb custom_margin=\u00bb||5px|||\u00bb] Chapter XVII: Madrid &#8211; UC3M [\/et_pb_text][et_pb_text _builder_version=\u00bb3.25.2&#8243; text_font=\u00bbEncode Sans|300|||||||\u00bb text_text_color=\u00bb#ffffff\u00bb text_font_size=\u00bb30px\u00bb text_letter_spacing=\u00bb3px\u00bb [&hellip;]<\/p>\n<div class=\"likebtn_container\" style=\"\"><!-- LikeBtn.com BEGIN --><span class=\"likebtn-wrapper\"  data-identifier=\"page_366\"  data-bg_c_v=\"\"  data-style=\"\"  data-unlike_allowed=\"\"  data-show_copyright=\"\"  data-item_url=\"http:\/\/www.curatore.es\/focusopenscience\/\"  data-item_title=\"home\"  data-item_date=\"2019-07-01T11:49:47+02:00\"  data-engine=\"WordPress\"  data-plugin_v=\"2.6.59\"  data-event_handler=\"likebtn_eh\" ><\/span><!-- LikeBtn.com END --><\/div>","protected":false},"author":68,"featured_media":0,"parent":0,"menu_order":0,"comment_status":"closed","ping_status":"closed","template":"","meta":{"_et_pb_use_builder":"on","_et_pb_old_content":"","footnotes":""},"class_list":["post-366","page","type-page","status-publish","hentry"],"_links":{"self":[{"href":"http:\/\/www.curatore.es\/focusopenscience\/wp-json\/wp\/v2\/pages\/366","targetHints":{"allow":["GET"]}}],"collection":[{"href":"http:\/\/www.curatore.es\/focusopenscience\/wp-json\/wp\/v2\/pages"}],"about":[{"href":"http:\/\/www.curatore.es\/focusopenscience\/wp-json\/wp\/v2\/types\/page"}],"author":[{"embeddable":true,"href":"http:\/\/www.curatore.es\/focusopenscience\/wp-json\/wp\/v2\/users\/68"}],"replies":[{"embeddable":true,"href":"http:\/\/www.curatore.es\/focusopenscience\/wp-json\/wp\/v2\/comments?post=366"}],"version-history":[{"count":34,"href":"http:\/\/www.curatore.es\/focusopenscience\/wp-json\/wp\/v2\/pages\/366\/revisions"}],"predecessor-version":[{"id":536,"href":"http:\/\/www.curatore.es\/focusopenscience\/wp-json\/wp\/v2\/pages\/366\/revisions\/536"}],"wp:attachment":[{"href":"http:\/\/www.curatore.es\/focusopenscience\/wp-json\/wp\/v2\/media?parent=366"}],"curies":[{"name":"wp","href":"https:\/\/api.w.org\/{rel}","templated":true}]}}